 180/5 + 0/(-2).
2, 3
Let z be 16/40 - (-18)/5. Suppose z*o - 8*o = -32. What are the prime factors of o?
2
Let y(r) = -23*r + 11. List the prime factors of y(-8).
3, 5, 13
Let j = 255 - 181. List the prime factors of j.
2, 37
Suppose -25 = -3*g - 7. List the prime factors of 74/g - (-2)/3.
13
Suppose -4*r + 2*o + 140 = 0, -3*r = -0*o - o - 104. What are the prime factors of r?
2, 17
Let y = 52 - 74. Let f = y - -39. List the prime factors of f.
17
Let b(o) = 2*o + 1. Let q be b(2). Suppose q*c - 4*c = 3. What are the prime factors of c?
3
Let t(b) = b**3 + 4*b**2 - 4*b + 7. Suppose 17 = -3*i + 3*l - 2*l, -5*l = -3*i - 25. What are the prime factors of t(i)?
2
Let b(h) = -23*h - 85. What are the prime factors of b(-6)?
53
Let h = -5 + 12. Suppose -d = h*k - 3*k - 60, 2*k - 52 = 5*d. What are the prime factors of k?
2
Let m = -34 + 63. List the prime factors of m.
29
Let j(r) = r**3 - 5*r**2 + 5*r - 5. Let q be j(4). Let c be ((-18)/21)/(q/7). Let l(u) = u**3 - 7*u**2 + 8*u - 9. What are the prime factors of l(c)?
3
Let c(m) = 29*m - 10. List the prime factors of c(12).
2, 13
Let m = 400 - 262. List the prime factors of m.
2, 3, 23
Let u be 74 + (2 - (1 + 3)). Suppose -3*z - 3*w - 2 + 41 = 0, -w = -4*z + u. List the prime factors of z.
17
Suppose 5*j + 32 - 137 = 0. List the prime factors of j.
3, 7
Let w be 8/(-3 + 2 + 2). Suppose -h - 1 = -w. Let n(g) = -g + 17. What are the prime factors of n(h)?
2, 5
Let f(r) be the third derivative of 0 - 4/3*r**3 + 0*r - 1/12*r**5 + 1/12*r**4 - 1/120*r**6 + 3*r**2. List the prime factors of f(-6).
2
Let w(z) = -z**3 - 6*z**2 - 3*z - 14. List the prime factors of w(-7).
2, 7
Suppose -b + 1 + 3 = 0. List the prime factors of b/((-1)/((-1)/2)).
2
List the prime factors of 189/11 - (-2)/(-11).
17
Let w be (-2 - 31)*4/12. Let j(b) = -b**2 - 12*b - 1. List the prime factors of j(w).
2, 5
Let w = -198 - -141. List the prime factors of w/(-6) - (-1)/2.
2, 5
Let v be (-47)/(-3) - (-4)/(-6). Let m be (2 - 5)*(-15)/9. Suppose -5*g = -h - v, 0 = -5*g + m*h - 5. List the prime factors of g.
2
Let t be -1*(12 - 2)/(-2). Suppose -2*u - k + 3 + t = 0, 2*k + 29 = 5*u. Suppose -g + 17 = -4*z, 4*g - 3 = -u*z + 2. What are the prime factors of g?
5
Let w = -165 - -364. What are the prime factors of w?
199
Suppose 0 = 5*v + 2*t + 1, 4*t + 11 = v - 2*v. List the prime factors of (v - 0) + 2 - -3.
2, 3
Let w be 2/(-10) + (-1)/(-5). Suppose w*m - 2*m + 26 = 0. List the prime factors of m.
13
Let l be (36/(-30))/(2/40). Let f = l - -38. What are the prime factors of (-12)/(-7) + 4/f?
2
Let m = 40 - -11. List the prime factors of m.
3, 17
Suppose -9*l + 5*l - 72 = 0. Suppose -r = 5*w + 50, 4*w + 3*r + 2*r = -61. Let s = w - l. What are the prime factors of s?
3
Let s(g) = g**3 + 4*g**2 + 2*g. Let f be s(-3). Suppose -3*r = 3*x - 0*x - 84, f*x + 15 = 0. List the prime factors of r.
3, 11
Let a = -165 + 243. List the prime factors of a.
2, 3, 13
What are the prime factors of (130 - -25) + 0 + 3/1?
2, 79
Let j = 47 + -10. Suppose -4*o + j = -39. What are the prime factors of o?
19
Let d(v) = v**3 + 10*v**2 - 2*v. Let x be d(-10). Suppose -2*y + 14 = -x. What are the prime factors of y?
17
Let r(h) = h**2 - 6*h. Let n be r(6). Let i = n + 5. Suppose o + i - 3 = -2*w, w - 1 = -o. What are the prime factors of o?
2
Suppose -3*z + 18 + 402 = 0. What are the prime factors of z?
2, 5, 7
Let j(w) = w**3 + 9*w**2 + 7*w - 7. Suppose 3*s + 22 = -2. Let n be j(s). Let i = 6 - n. List the prime factors of i.
5
List the prime factors of 35*1 - (17 + -15).
3, 11
Let q = 9 - 14. Let x(f) = -f**3 - 5*f**2 + f + 7. What are the prime factors of x(q)?
2
What are the prime factors of 43 - 0*3/9?
43
Suppose 33 = 4*g - 35. Let j = 37 - g. List the prime factors of j.
2, 5
List the prime factors of 4/6 - 5016/(-36).
2, 5, 7
Let x(r) = 8*r + 12. What are the prime factors of x(5)?
2, 13
Let o(a) = a**3 + 5*a**2 - 2*a + 1. Let v be o(-5). What are the prime factors of v*1/2*2?
11
What are the prime factors of 78 - (2 + -1 + -1)?
2, 3, 13
Let k = 23 - -23. List the prime factors of k.
2, 23
Suppose 2*m - 5*m + 2*k - 4 = 0, -4*m + 3*k = 4. Let j be m/(-10) + 3/5. What are the prime factors of j/(-2) + (-52)/(-8)?
2, 3
Let i(a) = a**2 - 4*a - 8. Let z be i(6). Let k(u) = 4*u**2 - 6*u + 3. Let f(b) = -5*b**2 + 7*b - 2. Let o(q) = 3*f(q) + 4*k(q). List the prime factors of o(z).
2, 5
Let i(u) = -1 + 1 - 4*u + 7*u - 1. Let l = -4 + 6. What are the prime factors of i(l)?
5
Let f = 31 + -17. What are the prime factors of f?
2, 7
Suppose -6 = -4*p - 306. What are the prime factors of p/(-6) - (-1)/2?
13
Let m = -30 + 26. List the prime factors of 1 - m/(2 - 0).
3
Suppose -7 - 2 = 3*b. Let s(h) = h**2 + 3*h + 3. Let a be s(b). Suppose m - a - 10 = 0. What are the prime factors of m?
13
Let x(q) = 5*q - 8. List the prime factors of x(6).
2, 11
Let z be 3*(60/(-9))/(-2). Let l(f) = f**2 - 10*f + 6. Let y be l(z). Suppose -5*h + 3*o = -34, -h + y*o - o - 2 = 0. List the prime factors of h.
2
Let k = 202 - 46. Suppose -5*q + 41 + 77 = 4*d, -5*d - 2*q + k = 0. Let c = d + -22. List the prime factors of c.
2, 5
Let a = 4 - 4. Suppose 0 = -5*x - 25, x - 3 = 2*i - 58. What are the prime factors of a - 1 - i/(-5)?
2
Suppose -4*h = -h - 150. List the prime factors of h.
2, 5
List the prime factors of (-2 - (-110)/2)/(12 + -11).
53
Suppose 69 - 6 = o. What are the prime factors of o?
3, 7
Suppose 0 = -y - s + 9, -5*y - 3*s + 52 = 17. List the prime factors of y.
2
Let w(l) = 124*l**2 - 3*l - 3. What are the prime factors of w(-1)?
2, 31
Let j = 341 + -196. List the prime factors of j.
5, 29
Suppose -8*b = -5*b + 138. Let n = b - -87. List the prime factors of n.
41
Suppose -5*l + 2*l = -3*i + 42, -2*i - 5*l + 63 = 0. What are the prime factors of i?
19
Let h = 36 + -23. Let j(i) = 2*i - 4. List the prime factors of j(h).
2, 11
Suppose 0 = l + 29 + 4. Let j = l - -51. List the prime factors of j.
2, 3
Suppose -2*f = c - 5*f - 15, -3*f - 18 = -2*c. Let b(y) = -c - y - y + 1. What are the prime factors of b(-2)?
2
Let g = 124 - 75. List the prime factors of g.
7
Let k = 4 - 9. Let v(n) = -n**3 - 6*n**2 - 7*n + 1. What are the prime factors of v(k)?
11
Suppose 2*m - 4 = 0, i + 5*m = 32 - 10. What are the prime factors of i?
2, 3
Let i = 59 - -49. Let b be 53/4 + 12/16. List the prime factors of (-2)/(-7) + i/b.
2
Suppose -6*x - 13 = -7*x. List the prime factors of x.
13
Let a(k) = -2*k - 9. Let o be 38/(-6) + 8/24. List the prime factors of a(o).
3
What are the prime factors of (-28)/(-7) - 1*-82?
2, 43
What are the prime factors of 4/20 - (-357)/15?
2, 3
Suppose -l + 12 = 2*m, 0 = 5*m + l + l - 32. Let n = 28 - m. Suppose -2*f - p + 0*p = -n, 16 = 4*p. List the prime factors of f.
2
Let p = -13 - -49. Suppose p = i - 1. What are the prime factors of i?
37
Let g(l) = 39*l. Let y be g(4). Suppose 2*r - y = -2*r. What are the prime factors of r?
3, 13
What are the prime factors of 62/(-3)*(-21)/14?
31
Suppose -4*u + 253 = -0*d - 3*d, 0 = -2*u + 2*d + 128. List the prime factors of u.
61
Suppose 3*b - 6*b = -15. Suppose -2*c + b = -1. Suppose -3*y - 2*i + 6 = -6, 33 = c*y - 5*i. List the prime factors of y.
2, 3
Let h = 1002 + -613. What are the prime factors of h?
389
Let f(a) = a**2 + a - 3. Let z be f(-3). Suppose -z = -3*x + 15. List the prime factors of x.
2, 3
Suppose 12 = 4*c + 4*j - 0, -j = 5*c - 35. Let s = c - 13. Let n(o) = o**2 + 4*o - 3. List the prime factors of n(s).
2
Let k be (-1)/(-3) - 70/(-6). Suppose 3*s = s + k. What are the prime factors of s?
2, 3
Suppose -5*s - 2 - 6 = d, 0 = -3*s - 3*d. List the prime factors of (7/14)/(s/(-112)).
2, 7
Let y(a) = a + 15. Let g be y(-11). Let x = g - -4. What are the prime factors of x?
2
Let b = 37 - 25. List the prime factors of b.
2, 3
Let m(v) = -v**3 - 10*v**2 - 3*v - 12. Let r = 3 + -13. List the prime factors of m(r).
2, 3
Let b(u) = 3*u - 5. Let j be b(6). Suppose -4*g = -3*g - j. What are the prime factors of g?
13
Let r = 58 + -22. List the prime factors of r.
2, 3
Suppose 5*u + 3*x - 68 = 4*x, 2*u + 3*x - 17 = 0. List the prime factors of u.
13
Let b = 69 - 49. What are the prime factors of b?
2, 5
Let j be -1 + (2 - (-4)/2). Suppose j*q - 34 = -5*f, -3*q + 38 - 12 = f. Let v = q - -8. What are the prime factor